 k(0)?
-35
Let x(l) = l**3 - 16*l**2 - 300*l + 65. What is x(27)?
-16
Let t(n) = -2*n**2 + 85*n + 1858. Calculate t(-16).
-14
Let s(r) = 13338*r - 106701. Calculate s(8).
3
Let b(r) = -3267*r - 22864. Calculate b(-7).
5
Let z(c) = c**3 - 51*c**2 + 417*c - 66. Give z(10).
4
Let o(n) = 178*n + 268. Give o(-2).
-88
Let v(d) = d**3 - 16*d**2 + 59*d - 667. What is v(15)?
-7
Let n(p) = -1911*p - 13370. Determine n(-7).
7
Let n(p) = p**2 + 12*p - 2. Determine n(-6).
-38
Let x(n) = -n**3 - 8*n**2 + 88*n + 715. Calculate x(-9).
4
Let o(v) = -v**3 - 26*v**2 - 50*v - 49. Calculate o(-24).
-1
Let k(j) = -6*j**2 + 232*j - 1821. Give k(11).
5
Let b(x) = -x**3 - 16*x**2 + 641*x + 9839. Determine b(-15).
-1
Let a(l) = 98*l + 1092. Calculate a(-11).
14
Let z(g) = 816*g - 3264. Give z(4).
0
Let n(h) = -6*h**2 + 10*h + 40. Give n(-2).
-4
Let z(r) = r**3 - 15*r**2 + 31*r - 46. What is z(15)?
419
Let w(m) = -549*m - 549. Determine w(-1).
0
Let h(l) = -l**3 + 5*l**2 + l + 105. What is h(7)?
14
Let v(z) = 10*z - 184. Calculate v(15).
-34
Let v(r) = -264*r + 1336. What is v(5)?
16
Let b(q) = 2*q - 230. Determine b(148).
66
Let s(i) = -i**3 + 63*i**2 + 249*i + 1271. Give s(67).
-2
Let t(b) = -b**3 + 19*b**2 + 66*b + 9. Give t(22).
9
Let g(j) = -15*j**2 - 3*j + 43. What is g(-4)?
-185
Let f(q) = -4*q**2 - 6*q + 60. Give f(-4).
20
Let b(n) = n**3 + 73*n**2 + 209*n - 52. Give b(-70).
18
Let p(y) = y**2 - y + 13. What is p(4)?
25
Let f(t) = -t**3 - 28*t**2 - 6*t - 174. Determine f(-28).
-6
Let x(s) = s**3 - 22*s**2 + 91*s + 108. Determine x(7).
10
Let n(p) = -p**3 + 26*p**2 - 197*p + 429. Determine n(8).
5
Let l(h) = 31*h**3 - 4*h**2 + 27*h - 29. Calculate l(1).
25
Let j(a) = 1201*a + 7218. What is j(-6)?
12
Let k(h) = h**3 + 94*h**2 - 191*h + 106. Determine k(-96).
10
Let v(m) = 7*m**3 - 55*m**2 + 96*m - 829. What is v(8)?
3
Let u(f) = 1566*f - 1562. Determine u(1).
4
Let k(t) = 5*t**3 + 15*t**2 + 34*t + 19. Determine k(-1).
-5
Let o(d) = 2*d**3 - 10*d**2 + 14*d - 27. Calculate o(4).
-3
Let p(l) = 282*l - 3714. Give p(13).
-48
Let d(s) = 13*s**2 - 78*s + 58. Calculate d(8).
266
Let q(z) = z**2 + 52*z + 364. What is q(-8)?
12
Let g(l) = -l**3 + 34*l**2 + 97*l - 3271. Give g(34).
27
Let j(y) = -26*y + 64. Calculate j(3).
-14
Let v(h) = 19*h**2 - 851*h - 1061. What is v(46)?
-3
Let f(c) = -c**2 - 10*c + 112. Calculate f(6).
16
Let w(h) = h**3 + 185*h**2 + 1583*h - 6. Give w(-9).
3
Let p(s) = 5237*s + 10468. Give p(-2).
-6
Let y(n) = -n**3 - 103*n**2 + 103*n - 125. Calculate y(-104).
-21
Let w(g) = -1832*g**2 + 7332*g - 6. Give w(4).
10
Let q(x) = 302*x + 5759. Calculate q(-19).
21
Let p(w) = -4*w**3 + 196*w**2 - 161*w - 1483. What is p(48)?
5
Let k(z) = 5*z**2 + 185*z + 498. Determine k(-34).
-12
Let v(s) = -21*s**3 + 3*s**2 + 6*s + 3. Calculate v(-1).
21
Let d(t) = -t**2 - 21*t + 81. Determine d(-25).
-19
Let d(i) = i**2 + 56*i + 664. Calculate d(-37).
-39
Let m(q) = -q**3 + 22*q**2 - 126*q + 68. What is m(9)?
-13
Let d(o) = -271*o + 5949. Calculate d(22).
-13
Let c(a) = -a**3 + 27*a**2 - 91*a - 19. Calculate c(23).
4
Let z(n) = -3*n**3 + 3*n**2 + 94*n + 10. Determine z(0).
10
Let x(h) = 9*h**2 - 1421*h + 1299. Determine x(157).
43
Let p(t) = -95*t**2 + 207*t + 205. Give p(-1).
-97
Let k(j) = 104*j - 5385. Determine k(52).
23
Let u(s) = -s**3 + 142*s**2 + 154*s - 1573. Determine u(143).
0
Let r(t) = 2*t**3 - 143*t**2 + 473*t + 201. What is r(68)?
-3
Let t(n) = 239*n + 1922. Give t(-8).
10
Let s(z) = z**3 - 8*z**2 + 22*z - 64. Calculate s(6).
-4
Let s(w) = 5*w - 112. Determine s(15).
-37
Let j(d) = 2*d**3 - 20*d**2 - 62*d + 173. Give j(12).
5
Let f(i) = 79*i - 6961. Give f(88).
-9
Let f(t) = -32*t + 1036. Give f(32).
12
Let u(l) = -817*l + 100475. Determine u(123).
-16
Let p(q) = 2*q**3 - 14*q**2 + 63*q - 405. What is p(8)?
227
Let v(f) = -30*f + 169. Give v(6).
-11
Let n(h) = h**3 - 27*h**2 - 16*h + 55. Calculate n(27).
-377
Let b(z) = -3*z**2 - 19*z + 90. Calculate b(-10).
-20
Let i(o) = -o**3 - 4*o**2 + 277*o - 161. What is i(-19)?
-9
Let o(l) = l**2 + 6*l + 28. Determine o(-12).
100
Let a(l) = 2*l**3 - 26*l**2 - 28*l - 24. Determine a(14).
-24
Let n(g) = g**3 + 17*g**2 + 62*g - 21. Determine n(-12).
-45
Let f(i) = 6*i**2 + 33*i + 26. Determine f(-4).
-10
Let j(x) = x**2 - 24*x - 947. Give j(-18).
-191
Let p(w) = -w**3 + 20*w**2 + 12*w - 11. Give p(21).
-200
Let l(i) = -i**3 + 10*i**2 + 10*i - 34. Determine l(10).
66
Let q(c) = -c**3 - 21*c**2 - 34*c + 30. Determine q(-20).
310
Let j(a) = -a**3 + 23*a**2 - 37*a - 96. Give j(21).
9
Let a(r) = 14*r**3 - 153*r**2 - 350*r - 3. Calculate a(-2).
-27
Let c(u) = -57*u**2 - 13276*u + 1170. Determine c(-233).
5
Let g(q) = q**2 - 63*q - 767. Give g(73).
-37
Let j(q) = q**2 + 14*q + 38. Give j(-6).
-10
Let g(f) = 2*f**2 + 150*f - 4522. What is g(-98)?
-14
Let y(d) = -336*d - 94. What is y(-1)?
242
Let p(u) = 2*u**3 - 23*u**2 - 5*u - 88. Calculate p(12).
-4
Let k(i) = 2*i**3 - 8*i**2 + 26*i + 25. Calculate k(5).
205
Let j(f) = -f**3 - 44*f**2 - 2*f + 82. Determine j(0).
82
Let v(y) = y**3 + 24*y**2 + 126*y + 301. Determine v(-18).
-23
Let d(h) = -h**3 - h**2 + 24*h + 3. What is d(0)?
3
Let y(g) = -30316*g - 60625. What is y(-2)?
7
Let l(m) = -250*m + 5231. What is l(21)?
-19
Let p(h) = 12*h**3 - 33*h**2 - 56*h - 2. What is p(4)?
14
Let j(d) = 7*d**2 + 169*d - 133. Determine j(-25).
17
Let v(q) = q**2 - 17*q + 76. Give v(12).
16
Let p(f) = f**3 + 20*f**2 + 73*f + 14. Calculate p(-15).
44
Let y(d) = -2*d**3 + 17*d**2 + d - 25. Give y(8).
47
Let c(r) = 2*r**2 - 94*r + 148. Give c(46).
56
Let j(x) = 2*x**3 - 116*x**2 - 6. Calculate j(58).
-6
Let v(l) = -501*l - 9024. Calculate v(-18).
-6
Let y(p) = 87*p - 527. Calculate y(6).
-5
Let g(s) = -s**3 - 14*s**2 + 728*s + 10197. Calculate g(-14).
5
Let y(s) = 15*s**2 + 287*s + 23. Give y(-19).
-15
Let k(q) = -223*q - 863. Calculate k(-4).
29
Let r(m) = -3*m**2 + 23*m - 11. What is r(10)?
-81
Let f(v) = -v**3 + 3*v**2 + 9*v - 13. Calculate f(5).
-18
Let q(w) = -57*w + 987. Determine q(17).
18
Let d(r) = -120*r - 1303. Give d(-13).
257
Let x(b) = 214*b + 1073. Determine x(-5).
3
Let j(v) = 18*v + 246. Calculate j(11).
444
Let u(o) = 2*o**2 + 33*o - 1197. What is u(-34)?
-7
Let f(b) = 210*b + 367. Determine f(3).
997
Let g(n) = -3*n**2 + 40*n - 148. Give g(8).
-20
Let z(s) = s**3 - 3*s**2 - 4*s + 6. What is z(1)?
0
Let p(h) = -386*h - 122374. Calculate p(-317).
-12
Let r(g) = g**3 - 17*g**2 + 57*g - 700. Give r(17).
269
Let i(u) = -32*u - 1470. What is i(-43)?
-94
Let b(n) = -176*n + 64. Determine b(2).
-288
Let g(l) = -l**2 - 1285*l - 15285. Determine g(-12).
-9
Let u(a) = a**3 - 2*a**2 - 16*a + 34. What is u(4)?
2
Let t(y) = -y**2 + 6*y - 24. Determine t(9).
-51
Let h(u) = -5*u**2 + 16*u - 3. What is h(3)?
0
Let c(g) = 5*g**2 - 34*g - 720. Determine c(16).
16
Let z(c) = 3*c**2 + 167*c - 1092. Give z(6).
18
Let m(x) = -x**3 + 2*x**2 + 61*x - 239. Determine m(4).
-27
Let c(k) = -3800*k + 45596. Calculate c(12).
-4
Let t(w) = -5*w**2 + 9*w + 9. Determine t(-5).
-161
Let h(z) = -z**3 + 11*z**2 - 39*z + 191. What is h(9)?
2
Let w(b) = -53*b**3 - 37*b**2 - 71*b - 2. Calculate w(-2).
416
Let j(u) = -36*u + 3456. Give j(94).
72
Let s(q) = -q**3 - 129*q**2 + 956*q + 609. Determine s(-136).
65
Let c(i) = 5*i - 201. Give c(60).
99
Let c(q) = -199*q**2 + 3386*q - 57. What is c(17)?
-6
Let r(n) = -3*n**3 + 35*n**2 + 24*n - 72. What is r(12)?
72
Let v(n) = 777*n - 1342. Calculate v(2).
212
Let g(v) = -2*v**2 + 38*v - 48. Calculate g(14).
92
Let r(h) = 4*h - 18. Determine r(2).
-10
Let k(m) = -m**3 + 5*m**2 - 2*m + 4. What is k(3)?
16
Let f(d) = -19*d - 444. Determine f(-24).
12
Let z(q) = 10*q**2 - 12*q + 43. Determine z(3).
97
Let z(d) = d**3 - 7*d**2 - 2*d - 106. Give z(9).
38
Let n(k) = 5*k - 22. Determine n(-23).
-137
Let p(n) = 160*n + 126. Determine p(-2).
-194
Let w(y) = 2*y - 223. Give w(126).
29
Let n(p) = -3*p**3 - 179*p**2 - 122*p - 271. Determine n(-59).
-35
Let f(q) = q**2 + 11*q - 1354. Calculate f(31).
-52
Let m(n) = -119*n + 831. What is m(7)?
-2
Let l(j) = -j**3 - 56*j**2 - 113*j - 92. What is l(-54)?
178
Let s(k) = -10*k**2 + 29*k + 59. What is s(-2)?
-39
Let n(o) = -2*o**2 - 28*o + 57. Determine n(-13).
83
Let h(k) = 204*k - 2397. What is h(12)?
51
Let n(u) = 14*u - 152. What is n(11)?